irst derivative of l(y). Is s(0) a composite number?
True
Suppose -4*a = -8*a + 4*g + 15492, 0 = -4*g + 16. Is a prime?
True
Let b(j) = -j - 5. Let n be b(-5). Suppose n = 6*a - 8*a - 564. Let t = -113 - a. Is t a composite number?
True
Let g = 3764 - -5404. Suppose 4*t + 1836 = 4*d + g, -4*d = t - 1833. Let v = t - 1046. Is v a prime number?
True
Let t(i) = 210*i**2 + 5*i + 3. Let w(x) = 211*x**2 + 4*x + 2. Let y(k) = 3*t(k) - 4*w(k). Let v be y(1). Is (0 + 1)*1 - v a prime number?
False
Let h = -85 + 95. Let u(n) = -n**3 + 20*n**2 + 7*n - 1. Is u(h) a prime number?
True
Suppose -u + 108764 = 3*u. Is u a prime number?
True
Suppose 0 = 1731*m - 1727*m - 144428. Is m composite?
False
Suppose 0 = 4*j - 34 - 74. Suppose -2*n - 3*c + j = n, -4*n + 4 = -4*c. Let i(d) = 12*d**2 + 2*d - 3. Is i(n) prime?
True
Suppose -10335 + 340 = -5*x. Is ((-14)/(-6) - 2)*(2 + x) a composite number?
True
Let r = 103 - 172. Let c = 17 - r. Is c prime?
False
Suppose 3*f - w = 2*w - 6, -2*w = -3*f - 1. Suppose -7 = -2*m - f. Suppose 0 = -m*s - 5*a + 513, 0*a - 3*a = -s + 284. Is s a prime number?
True
Let o = 12 + -20. Let y(h) = -h**2 - 8*h + 9. Let a be y(o). Let g = a + -6. Is g a composite number?
False
Suppose 5*d - 61913 = 4*a, 3*d - 13*a = -10*a + 37149. Is d composite?
True
Let d(u) = 38*u**2 + 2*u - 65. Is d(-32) a composite number?
False
Let r be -4 + -14*(-2)/4. Suppose q + 3*q = 5*s - 10171, r*s = -2*q + 6085. Is s a composite number?
True
Suppose 5*g + 1 = 2*h - 18, -14 = -4*h + 2*g. Suppose -h*n + 67 = -n. Is n a composite number?
False
Suppose -7*a - 3560 = 7773. Let v(h) = 96*h**2 - 5*h - 7. Let j be v(5). Let d = a + j. Is d a composite number?
True
Let k = 13912 + -7089. Is k prime?
True
Suppose 3*b - 6 = 2*i + 8, -i = 2*b. Suppose -8 = -v - 2*w, 3*v - 11 = b*w + 5. Let f(c) = -c**3 + 7*c**2 - 2*c + 9. Is f(v) prime?
False
Suppose -6*r = -r - 72270. Is r/30 + 1/5 prime?
False
Let l = -41 + 29. Let o = -11 - l. Is 46*8 + (o - -2) a composite number?
True
Is (-82721*(-7)/(-21))/(4/(-12)) prime?
True
Is (-27569)/114*(-5 + -1) a prime number?
True
Let w = 321 - 8. Let a = w - -748. Is a a composite number?
False
Let g = -12 + 15. Suppose t = 3*z + 169, 495 = -3*t + 6*t - g*z. Is t composite?
False
Let v = 84 - 90. Let i(z) = -25*z - 32. Is i(v) prime?
False
Let s(o) = -731*o - 30. Is s(-29) prime?
True
Suppose 1 = -3*q + 5*k, 3*k = -3*q + k + 13. Let s(y) = 127 + y - 22*y**3 - 23*y**3 + 46*y**q. Is s(0) a prime number?
True
Suppose -12*i = -3*v - 16*i + 12131, 4*v - 16184 = 4*i. Is v a prime number?
False
Suppose z = -5*j + 1108, -5*z + 2*j + 5612 = 3*j. Is z a prime number?
True
Let c be 1/(-2) + 210/(-60). Is (-1435)/c - (-15)/(-20) composite?
True
Suppose 3*y - 51 = 417. Suppose -y = -10*u + 6*u. Is u a composite number?
True
Suppose -1663*t = -1652*t - 1023429. Is t composite?
True
Let b(s) = -83*s + 34. Let k be b(4). Is (7*(-4)/(-28))/((-2)/k) prime?
True
Suppose -3*s = 5*r + 42, -30 = -s + 4*s + r. Let d(v) = -9*v + 2. Is d(s) prime?
True
Suppose -13660 = -4*w + 4*d, -16*w - d + 17099 = -11*w. Is w composite?
True
Let c(m) = 18*m + 17. Let f(w) = -w**2 - 11*w - 5. Let a(j) = -3*j**2 - 33*j - 16. Let v(g) = 6*a(g) - 17*f(g). Let d be v(-8). Is c(d) a composite number?
False
Suppose -3*j + 23320 = -4*t - 21523, -3*t + 74777 = 5*j. Is j a prime number?
False
Let d(o) = o**3 + 8*o**2 + 7*o. Let z be d(-7). Suppose 0*s + m + 818 = 3*s, z = 2*m + 10. Is s prime?
True
Let o = 21 + -46. Is 1*745/o*-5 a composite number?
False
Let c = -25 - -31. Suppose -c*h + 4*h = -382. Is h prime?
True
Suppose 0 = d + l - 0*l + 3759, 0 = 3*l. Is (10/(-15))/(2/d) a composite number?
True
Let p(h) = 3127*h - 1139. Is p(18) composite?
False
Suppose -2*y = -q - 8784, -4*y + 17556 = -0*y + 4*q. Is y prime?
True
Let r = 7 + -23. Let n be (2 - -18)*(-4)/r. Let m(o) = 3*o**3 + 4*o**2 - 6*o. Is m(n) composite?
True
Let b = -82 - -86. Is -4 - (b + -9) - -1360 composite?
False
Let q = 44 + -40. Is 40 - (q + 4/(-4)) prime?
True
Let r(q) be the second derivative of -q**4/4 - 10*q**3/3 - 8*q**2 - 4*q. Let v be r(-14). Is 18/(-63) - v/7 prime?
False
Let j = -34 - -59. Let n = j + -24. Let u(s) = 222*s**2 + s - 2. Is u(n) composite?
True
Suppose 3*y + 5*h - 851 = 776, -4*y + 2158 = h. Suppose -k + y + 74 = 0. Is k a composite number?
False
Is ((-42)/(6 - 12))/(2/3778) prime?
False
Suppose -5*t = 5*k + 11061 - 60516, 19802 = 2*k - 3*t. Is k a prime number?
False
Let t(j) = 254*j - 131. Is t(3) a composite number?
False
Let u(r) = 361*r**2 + 5*r + 4. Let x be u(6). Let i = -899 + x. Is i prime?
False
Let z(t) = -11*t + 23*t - 9*t + 369*t**2 + 1. Is z(-2) prime?
True
Let z(v) = -v**3 - 10*v**2 + 11*v - 1. Let h be z(-11). Let x be (-90)/20*2/h. Suppose -4435 = 4*p - x*p. Is p prime?
True
Suppose 0 = 2*k - 5*r - 31, -2*k + 16 = -2*r. Let a(w) = 14*w**2 - 4*w**2 - 3*w - w + 0 + 1. Is a(k) a composite number?
False
Suppose 3*z + q + 0*q = 548, 902 = 5*z - 4*q. Suppose -5*a + 1550 = v, -2*v + 0*v - 10 = 0. Let w = a - z. Is w a prime number?
False
Let p(i) = 41*i**2 + 2*i - 9. Let w be p(-7). Let h = w - -91. Is h composite?
True
Suppose -4*m - 2*t + 5588 = 0, -5*m - 12*t + 7011 = -16*t. Is m a prime number?
True
Let n = -23310 + 40927. Is n a prime number?
False
Let l(n) = n**3 + 4*n**2 - 6*n - 3. Let i be l(-5). Let z be (i - (3 - 1))/(-3). Is 15/10*(z + 26) a prime number?
False
Suppose -5*y + 28302 = 5*s + 8017, 5*y + 8114 = 2*s. Is s a prime number?
True
Let n be (26/39)/(4/18). Suppose 0 = 2*p - 2*r - 2360, n*r = 5*r + 6. Is p composite?
True
Let k be (18 - 13)*(-1 + (-2)/(-1)). Suppose q = -a + 1435, 4*a = k*q - 825 + 6601. Is a a composite number?
False
Let m = 1384 + -615. Is m a prime number?
True
Suppose -892 = 3*p - v, 4*p - v + 82 = -1108. Let i = 555 + p. Is i a composite number?
False
Let d = -3619 - -5276. Is d prime?
True
Is 0/(-11) - (2 + -1479) prime?
False
Let v(z) = 22055*z**2 - 30*z - 31. Is v(-1) composite?
True
Let g(b) = 32*b**2 - 13*b + 9. Is g(-8) prime?
True
Let p be (-24)/(-9)*(-30)/(-8). Suppose p = -b - b. Let q(t) = 13*t**2 + t + 9. Is q(b) a composite number?
True
Let d = -1378 - -793. Let j = 1064 + d. Is j a composite number?
False
Let p = 2370 + -1104. Suppose 6*n + 0*n - p = 0. Is n composite?
False
Suppose -354 = -6*l + 5*l. Suppose -9*c + l = 21. Is c a prime number?
True
Suppose 5*g = -4*s - 32, -4*g - 2*s - 40 + 12 = 0. Let y be (g/(-12))/(2/84). Suppose -n = y - 113. Is n a prime number?
False
Suppose -6*u + 65020 = 14*u. Is u composite?
False
Suppose 0*o + 7*o = 12810. Suppose 6*n + 96 = o. Is n composite?
True
Suppose 6*r = r - 4*u + 282, -3 = -u. Suppose -1130 = -5*h + 5*o, -2*o + 3*o + 919 = 4*h. Suppose h = y + r. Is y composite?
True
Let a(j) = j**3 + 3*j**2 + 12*j + 5. Let g be a(-6). Let c = g + 848. Is c prime?
True
Let s be -4 + 0/6 + 6. Suppose s*j - 4*j = 4*u - 1170, -2*j = -5*u - 1152. Is j a prime number?
False
Suppose -4*h = -1 - 11. Let m be 12 - (2 - (h + -3)). Is m/(-15) + 286/6 composite?
False
Let s(i) be the third derivative of -i**6/30 + i**5/20 - 3*i**4/8 - i**3/2 + 19*i**2. Is s(-7) prime?
True
Let q = 1402 + 682. Suppose -443 = -t + 5*p + 78, 4*p = -4*t + q. Is t a composite number?
False
Let b be 4/(1 - -3)*-21. Let c = -18 - b. Is ((-2)/c)/(2/(-537)) a composite number?
False
Let n(z) be the second derivative of z**6/60 - 2*z**5/15 + 5*z**4/24 + z**3/2 - z**2 - 6*z. Let t(x) be the first derivative of n(x). Is t(6) composite?
True
Let t = 1136 - -813. Is t a composite number?
False
Suppose 0*u - u + 3 = 0. Let d(g) = 10*g**3 - g**2 - 3*g + 3. Let a be d(1). Suppose -u*k = a, -2*n - 3*k = n - 660. Is n a prime number?
True
Let l(k) = 3265*k - 14. Is l(1) composite?
False
Is (-3 - -7) + 6123/3 prime?
False
Is (-3 + -7084)/(-2 + (-1)/(-1)) composite?
True
Let q = 25 - 29. Is (541/q*2)/(15/(-30)) prime?
True
Suppose -5*k + 2 + 10 = 4*y, -4*k - 5*y + 15 = 0. Suppose c + 0*r - 3*r - 1205 = k, 0 = -2*c + 4*r + 2414. Is c composite?
True
Suppose q = h - 6*h + 2244, 0 = -4*q + 3*h + 8930. Is q prime?
False
Suppose r = -24 + 13. Let f(j) = -j**2 - 10*j + 16. Let w be f(r). Is (0 + (-2)/w)*-5 a prime number?
True
Let n = -217830 + 313701. Is n prime?
False
Let i = -9230 - -20533. Is i prime?
False
Suppose -197*c + 205*c - 14584 = 